{"id":203,"date":"2026-05-08T21:41:30","date_gmt":"2026-05-08T21:41:30","guid":{"rendered":"https:\/\/bicho.treslume.com\/bicho\/?page_id=203"},"modified":"2026-05-09T00:05:17","modified_gmt":"2026-05-09T00:05:17","slug":"sobre","status":"publish","type":"page","link":"https:\/\/bicho.treslume.com\/bicho\/sobre\/","title":{"rendered":"Sobre N\u00f3s"},"content":{"rendered":"\t\t<div data-elementor-type=\"wp-page\" data-elementor-id=\"203\" class=\"elementor elementor-203\">\n\t\t\t\t<div class=\"elementor-element elementor-element-4aefc22 e-flex e-con-boxed e-con e-parent\" data-id=\"4aefc22\" data-element_type=\"container\" data-e-type=\"container\">\n\t\t\t\t\t<div class=\"e-con-inner\">\n\t\t\t\t\t\t\t\t<p class=\"e-8e5f093-afdd342 e-paragraph-base\" data-interaction-id=\"8e5f093\"  >\n\t\t\t\t\t\t\t\tSomos pessoas encantadas por jogos infantis com tem\u00e1tica de bichos e queremos compartilhar nosso conhecimento di\u00e1rio com todos que acessam nosso blog. Com mais de 5 anos de experi\u00eancia se divertindo e jogando esses joguinhos divertidos com nossos filhos, explorando desde jogos f\u00edsicos at\u00e9 op\u00e7\u00f5es online, criamos este espa\u00e7o para trazer recomenda\u00e7\u00f5es dos jogos mais procurados e divertidos do momento. Voc\u00ea ser\u00e1 sempre bem-vindo em nosso blog!<br><br>Nosso objetivo \u00e9 trazer para o p\u00fablico brasileiro as melhores informa\u00e7\u00f5es sobre os principais jogos de bichos infantis e educativos indicados para crian\u00e7as, pais e familiares. Atualmente, existem dois formatos principais: os jogos online (l\u00fadicos e educativos, que podem ser baixados como aplicativos para celular ou tablet) e os jogos f\u00edsicos (em formato de cartas ou tabuleiros de mesa). Nosso compromisso \u00e9 trazer constantemente novas recomenda\u00e7\u00f5es e novidades de jogos infantis de animais para toda a fam\u00edlia.\n\t\t\t\t\t<\/p>\n\t\t\t\t\t<\/div>\n\t\t\t\t<\/div>\n\t\t\t\t<\/div>\n\t\t","protected":false},"excerpt":{"rendered":"<p>Somos pessoas encantadas por jogos infantis com tem\u00e1tica de bichos e queremos compartilhar nosso conhecimento di\u00e1rio com todos que acessam nosso blog. Com mais de 5 anos de experi\u00eancia se divertindo e jogando esses joguinhos divertidos com nossos filhos, explorando desde jogos f\u00edsicos at\u00e9 op\u00e7\u00f5es online, criamos este espa\u00e7o para trazer recomenda\u00e7\u00f5es dos jogos mais&hellip;&nbsp;<\/p>\n","protected":false},"author":1,"featured_media":0,"parent":0,"menu_order":0,"comment_status":"closed","ping_status":"closed","template":"page-templates\/template-pagebuilder-full-width.php","meta":{"neve_meta_sidebar":"","neve_meta_container":"","neve_meta_enable_content_width":"","neve_meta_content_width":0,"neve_meta_title_alignment":"","neve_meta_author_avatar":"","neve_post_elements_order":"","neve_meta_disable_header":"","neve_meta_disable_footer":"","neve_meta_disable_title":"","footnotes":""},"class_list":["post-203","page","type-page","status-publish","hentry"],"_links":{"self":[{"href":"https:\/\/bicho.treslume.com\/bicho\/wp-json\/wp\/v2\/pages\/203","targetHints":{"allow":["GET"]}}],"collection":[{"href":"https:\/\/bicho.treslume.com\/bicho\/wp-json\/wp\/v2\/pages"}],"about":[{"href":"https:\/\/bicho.treslume.com\/bicho\/wp-json\/wp\/v2\/types\/page"}],"author":[{"embeddable":true,"href":"https:\/\/bicho.treslume.com\/bicho\/wp-json\/wp\/v2\/users\/1"}],"replies":[{"embeddable":true,"href":"https:\/\/bicho.treslume.com\/bicho\/wp-json\/wp\/v2\/comments?post=203"}],"version-history":[{"count":13,"href":"https:\/\/bicho.treslume.com\/bicho\/wp-json\/wp\/v2\/pages\/203\/revisions"}],"predecessor-version":[{"id":231,"href":"https:\/\/bicho.treslume.com\/bicho\/wp-json\/wp\/v2\/pages\/203\/revisions\/231"}],"wp:attachment":[{"href":"https:\/\/bicho.treslume.com\/bicho\/wp-json\/wp\/v2\/media?parent=203"}],"curies":[{"name":"wp","href":"https:\/\/api.w.org\/{rel}","templated":true}]}}